59, 431
What are the prime factors of 706386218?
2, 19, 47, 395513
List the prime factors of 442178420.
2, 5, 31, 713191
What are the prime factors of 56319101?
109, 516689
What are the prime factors of 16460772?
2, 3, 1371731
List the prime factors of 10646779.
11, 13, 74453
What are the prime factors of 17421004?
2, 211, 20641
What are the prime factors of 5698276070?
2, 5, 17, 2161, 15511
List the prime factors of 2154351642.
2, 3, 41, 8757527
List the prime factors of 192668861.
7, 11, 23, 108791
What are the prime factors of 1392974672?
2, 41, 337, 6301
List the prime factors of 3757565.
5, 7, 313
List the prime factors of 115407993.
3, 1103, 34877
List the prime factors of 8571687391.
3469, 2470939
What are the prime factors of 1306505162?
2, 9319, 70099
List the prime factors of 676420210.
2, 5, 109, 620569
What are the prime factors of 32616727?
11, 13, 17, 13417
List the prime factors of 5670295.
5, 1134059
List the prime factors of 253953116.
2, 29, 31, 70621
List the prime factors of 106173060.
2, 3, 5, 7, 23, 29, 379
What are the prime factors of 259848485?
5, 13, 17, 18089
What are the prime factors of 135427766?
2, 5323, 12721
List the prime factors of 2754556.
2, 7, 98377
List the prime factors of 52279413.
3, 17426471
What are the prime factors of 415460136?
2, 3, 7, 13, 14633
What are the prime factors of 1822987710?
2, 3, 5, 4219, 4801
List the prime factors of 1827827022.
2, 3, 7, 29, 31, 48409
What are the prime factors of 5139716382?
2, 3, 877, 108529
What are the prime factors of 613222166?
2, 97, 32587
What are the prime factors of 701524101?
3, 59, 577, 6869
What are the prime factors of 768822707?
19, 79, 512207
What are the prime factors of 2396512414?
2, 67, 439, 40739
List the prime factors of 1560357513.
3, 11, 13, 23, 5857
What are the prime factors of 587650286?
2, 293825143
List the prime factors of 7477216.
2, 233663
List the prime factors of 1094889166.
2, 7, 78206369
List the prime factors of 245921470.
2, 5, 79, 311293
List the prime factors of 5278995857.
23, 383, 599273
What are the prime factors of 47765847?
3, 15921949
List the prime factors of 16659253.
13, 29, 44189
List the prime factors of 1463253502.
2, 157, 4660043
What are the prime factors of 197792363?
197792363
List the prime factors of 1505921672.
2, 73, 709, 3637
What are the prime factors of 4852224216?
2, 3, 7, 458449
What are the prime factors of 1268023566?
2, 3, 31, 6817331
List the prime factors of 193286614.
2, 79, 1061, 1153
List the prime factors of 116588621.
2003, 58207
What are the prime factors of 287147926?
2, 13, 59, 187189
List the prime factors of 4152845074.
2, 7, 83, 3573877
What are the prime factors of 3397374686?
2, 19, 89404597
What are the prime factors of 51737630?
2, 5, 7, 17, 6211
What are the prime factors of 48579465?
3, 5, 11, 41, 43, 167
List the prime factors of 8541513.
3, 71, 13367
What are the prime factors of 147029801?
147029801
List the prime factors of 118076893.
11, 29, 370147
What are the prime factors of 61004056?
2, 73, 104459
List the prime factors of 115673970.
2, 3, 5, 3855799
What are the prime factors of 39620155?
5, 37, 214163
List the prime factors of 874754120.
2, 5, 4603, 4751
List the prime factors of 83750961.
3, 7, 71, 56171
List the prime factors of 2298315127.
43, 53449189
List the prime factors of 83556895.
5, 73, 228923
List the prime factors of 270737866.
2, 7, 83, 151, 1543
List the prime factors of 4626630256.
2, 289164391
What are the prime factors of 46009190?
2, 5, 599, 7681
List the prime factors of 757331043.
3, 7, 61, 131, 4513
List the prime factors of 1300188750.
2, 3, 5, 7, 49531
What are the prime factors of 260320438?
2, 7, 673, 3947
What are the prime factors of 151227315?
3, 5, 29, 115883
What are the prime factors of 214910573?
79, 2720387
List the prime factors of 122184661.
17, 7187333
What are the prime factors of 138214959?
3, 61, 755273
List the prime factors of 4689233019.
3, 12619, 13763
List the prime factors of 619114.
2, 23, 43, 313
List the prime factors of 145549850.
2, 5, 2910997
What are the prime factors of 244419763?
7, 173, 201833
What are the prime factors of 506235248?
2, 17, 149, 12491
What are the prime factors of 54851771?
13, 211, 19997
List the prime factors of 8554439594.
2, 4277219797
List the prime factors of 125690305.
5, 13, 73, 26489
List the prime factors of 61593388.
2, 3803, 4049
What are the prime factors of 69299890?
2, 5, 11, 37, 17027
List the prime factors of 39931470.
2, 3, 5, 17, 26099
List the prime factors of 294914340.
2, 3, 5, 7, 29, 1153
List the prime factors of 496109403.
3, 503, 109589
List the prime factors of 66991258.
2, 53, 631993
What are the prime factors of 379949394?
2, 3, 11, 79, 72871
What are the prime factors of 102586526?
2, 7, 2099, 3491
What are the prime factors of 1551040?
2, 5, 37, 131
What are the prime factors of 41052682?
2, 11, 1866031
List the prime factors of 243295739.
109, 2232071
What are the prime factors of 2133366245?
5, 426673249
List the prime factors of 74067718.
2, 787, 47057
What are the prime factors of 67709609?
11, 6155419
What are the prime factors of 3705017284?
2, 23, 40271927
What are the prime factors of 97161962?
2, 157, 309433
What are the prime factors of 20534571?
3, 2281619
List the prime factors of 17380741.
7, 47, 7547
What are the prime factors of 9783433?
11, 719, 1237
What are the prime factors of 151195887?
3, 16799543
What are the prime factors of 48573734?
2, 11, 2207897
List the prime factors of 1389585596.
2, 7, 19, 2612003
What are the prime factors of 4852207?
67, 72421
What are the prime factors of 58515592?
2, 19, 61, 6311
What are the prime factors of 43409240?
2, 5, 7, 229, 677
List the prime factors of 300233963.
300233963
List the prime factors of 341266319.
341266319
What are the prime factors of 366178012?
2, 29, 131, 24097
What are the prime factors of 222272077?
31, 7170067
What are the prime factors of 5159752608?
2, 3, 53747423
List the prime factors of 1761052014.
2, 3, 43, 389, 5849
What are the prime factors of 876413239?
13, 239, 311, 907
List the prime factors of 6879921841.
13, 109, 4855273
What are the prime factors of 212311234?
2, 127, 197, 4243
What are the prime factors of 3727870604?
2, 19, 1279, 38351
List the prime factors of 19120024.
2, 7, 11, 31039
List the prime factors of 742322161.
7, 106046023
List the prime factors of 3274519294.
2, 17, 1201, 80191
What are the prime factors of 133541792?
2, 4173181
What are the prime factors of 56700117?
3, 17, 79, 4691
What are the prime factors of 98978835?
3, 5, 6598589
What are the prime factors of 2669191857?
3, 296576873
List the prime factors of 24569188.
2, 7, 125353
What are the prime factors of 364913037?
3, 127, 319259
List the prime factors of 174819442.
2, 7, 12487103
List the prime factors of 225582924.
2, 3, 7, 2685511
List the prime factors of 35731607.
251, 142357
What are the prime factors of 856310227?
856310227
List the prime factors of 229386694.
2, 29, 67, 59029
List the prime factors of 1147880433.
3, 7, 239, 228707
What are the prime factors of 98242368?
2, 3, 7, 67, 1091
What are the prime factors of 61790231?
241, 256391
What are the prime factors of 162807034?
2, 13, 6261809
What are the prime factors of 109586131?
17, 6446243
What are the prime factors of 2132488383?
3, 710829461
List the prime factors of 2024205356.
2, 19, 4013, 6637
What are the prime factors of 4693491407?
11, 426681037
List the prime factors of 18594212.
2, 7, 13, 23, 2221
What are the prime factors of 17822205?
3, 5, 17, 23297
List the prime factors of 45391085.
5, 9078217
List the prime factors of 396311806.
2, 11, 1621, 11113
What are the prime factors of 137886139?
593, 232523
List the prime factors of 1098169599.
3, 79, 4633627
What are the prime factors of 697492712?
2, 7, 12455227
What are the prime factors of 1700975083?
1700975083
List the prime factors of 467711054.
2, 59, 67, 59159
What are the prime factors of 3711870?
2, 3, 5, 41243
List the prime factors of 627265755.
3, 5, 4646413
List the prime factors of 196092068.
2, 167, 373, 787
What are the prime factors of 144252880?
2, 5, 569, 3169
What are the prime factors of 128146716?
2, 3, 19, 187349
List the prime factors of 2020